{"id":86,"date":"2026-02-01T20:06:53","date_gmt":"2026-02-02T01:06:53","guid":{"rendered":"https:\/\/diegozalamea.com\/?page_id=86"},"modified":"2026-02-01T20:40:05","modified_gmt":"2026-02-02T01:40:05","slug":"el-tramite-para-juicios-administrativos-es-constitucional","status":"publish","type":"page","link":"https:\/\/diegozalamea.com\/index.php\/el-tramite-para-juicios-administrativos-es-constitucional\/","title":{"rendered":"\u00bfEl tramite para juicios administrativos es constitucional?"},"content":{"rendered":"<p>Desde la perspectiva del sistema oral existe\u00a0una\u00a0excepci\u00f3n en el art\u00edculo 310 del COGEP que es preocupante, hace referencia a que no es admisible \u00a0el testimonio\u00a0de parte de los funcionarios p\u00fablicos.\u00a0\u00bfC\u00f3mo entender esta limitaci\u00f3n?, puede hac\u00e9rselo en 3 sentidos:<\/p>\n<ol>\n<li><strong>No puede tomarse su testimonio en el juicio<\/strong>. Esta interpretaci\u00f3n es contraria al debido proceso e inconstitucional. (i)\u00a0<em>Contraria al debido proceso<\/em>, impide el ejercicio de la contradicci\u00f3n, derecho a la defensa, inmediaci\u00f3n y concentraci\u00f3n. El no poder interrogar y contrainterrogar a una de las partes violenta las garant\u00edas b\u00e1sicas . (ii)\u00a0<em>Inconstitucional<\/em>, adem\u00e1s de las garant\u00edas anotadas, \u00a0el\u00a0que comparezca a la audiencia, responda al interrogatorio y contrainterrogatorio es un tema tan trascendente que se recoge\u00a0de manera expresa le literal \u00abj\u00bb, numeral 6 del art\u00edculo 75.<\/li>\n<li><strong>Solo puede presentar informe<\/strong>. \u00a0Es todav\u00eda m\u00e1s problem\u00e1tica esta interpretaci\u00f3n,\u00a0porque su versi\u00f3n escrita segu\u00eda el texto legal no ser\u00eda un testimonio, surge la duda \u00a0\u00bfqu\u00e9 es?. Parece que podr\u00eda ser valorada por\u00a0el juez sin ser controvertida, nueva violaci\u00f3n constitucional, adem\u00e1s de conllevar todos los costos anotados en el numeral anterior.<\/li>\n<li><strong>No puede comprometer al Estado<\/strong>. El testimonio de parte normalmente puede conllevar reconocimientos parciales o totales, el que un funcionario con su sola palabra comprometa al Estado si es complicado. En este sentido es una excepci\u00f3n l\u00f3gica el que una causa no pueda terminar ni parcial ni totalmente por su declaraci\u00f3n. Si se entiende la norma desde esta perspectiva, no como una excepci\u00f3n de la presencia a juicio, es constitucional y hasta deseable.<\/li>\n<\/ol>\n<p>Como pa\u00eds tenemos que decidir si los intereses del Estado prevalece sobre el debido proceso o a la inversa. Debe recordarse que el Estado se creo para defender a las personas, no es legitimo subordinar los derechos a sus intereses.<\/p>\n","protected":false},"excerpt":{"rendered":"<p>Desde la perspectiva del sistema oral existe\u00a0una\u00a0excepci\u00f3n en el art\u00edculo 310 del COGEP que es preocupante, hace referencia a que no es admisible \u00a0el testimonio\u00a0de parte de los funcionarios p\u00fablicos.\u00a0\u00bfC\u00f3mo entender esta limitaci\u00f3n?, puede hac\u00e9rselo en 3 sentidos: No puede tomarse su testimonio en el juicio. Esta interpretaci\u00f3n es contraria al debido proceso e inconstitucional. &hellip; <\/p>\n<p class=\"link-more\"><a href=\"https:\/\/diegozalamea.com\/index.php\/el-tramite-para-juicios-administrativos-es-constitucional\/\" class=\"more-link\">Continuar leyendo<span class=\"screen-reader-text\"> \u00ab\u00bfEl tramite para juicios administrativos es constitucional?\u00bb<\/span><\/a><\/p>\n","protected":false},"author":1,"featured_media":0,"parent":0,"menu_order":0,"comment_status":"closed","ping_status":"closed","template":"","meta":{"footnotes":""},"class_list":["post-86","page","type-page","status-publish","hentry"],"_links":{"self":[{"href":"https:\/\/diegozalamea.com\/index.php\/wp-json\/wp\/v2\/pages\/86","targetHints":{"allow":["GET"]}}],"collection":[{"href":"https:\/\/diegozalamea.com\/index.php\/wp-json\/wp\/v2\/pages"}],"about":[{"href":"https:\/\/diegozalamea.com\/index.php\/wp-json\/wp\/v2\/types\/page"}],"author":[{"embeddable":true,"href":"https:\/\/diegozalamea.com\/index.php\/wp-json\/wp\/v2\/users\/1"}],"replies":[{"embeddable":true,"href":"https:\/\/diegozalamea.com\/index.php\/wp-json\/wp\/v2\/comments?post=86"}],"version-history":[{"count":2,"href":"https:\/\/diegozalamea.com\/index.php\/wp-json\/wp\/v2\/pages\/86\/revisions"}],"predecessor-version":[{"id":140,"href":"https:\/\/diegozalamea.com\/index.php\/wp-json\/wp\/v2\/pages\/86\/revisions\/140"}],"wp:attachment":[{"href":"https:\/\/diegozalamea.com\/index.php\/wp-json\/wp\/v2\/media?parent=86"}],"curies":[{"name":"wp","href":"https:\/\/api.w.org\/{rel}","templated":true}]}}